2*p - 1 + l. Give t(3).
5
Let r(s) = -22*s. Suppose -t = 3*i + 8, 4*t = 2*i - 1 - 17. Give r(i).
22
Suppose 0 = r + 4*r - 20. Suppose -r*y = -2*y - 6. Let k(j) = -y*j + 3 + 0*j + 3. Determine k(4).
-6
Let r(u) = 6*u - 75. Let t be r(13). Let q(m) be the first derivative of -t*m + 3 + 1/2*m**2 + 1/3*m**3. Give q(-3).
3
Let r(l) = 7*l + 5. Let c(z) = z**2 - 20*z - 14. Let k(d) = 6*c(d) + 17*r(d). What is k(1)?
6
Let r = -21 - -28. Let h(o) = -o + 3. What is h(r)?
-4
Let p(c) = c**3 + 6*c**2 + 6*c + 5. Suppose n = -y, -4*y = -n + 3*n - 10. Give p(n).
0
Let i(t) = -3*t + 16. Let v(k) = -7*k + 33. Let u(g) = -9*i(g) + 4*v(g). Determine u(0).
-12
Let h(q) = 3*q + 1. Let d(k) = -4*k. Let o(z) = 2*d(z) + 3*h(z). Give o(-5).
-2
Let z(f) be the first derivative of -f**2/2 + 2*f - 1. Let x be z(0). Let c be (3/12)/(x/8). Let i(p) = 7*p**2 - p + 1. Calculate i(c).
7
Suppose y + 10 = -4*y. Let j be ((-18)/2 - y)*-1. Suppose 3 + j = -2*f - 2*a, -a = 1. Let b(g) = 2*g + 4. Calculate b(f).
-4
Let u be 1*(8 - (-4 - -1)). Suppose 3*h + 2 - u = 0. Let z(k) = k**2 - 2*k + 2. Let r be z(h). Let x(j) = j**3 - 6*j**2 + 5*j + 3. Determine x(r).
3
Let h(j) = j**2 + j - 2. Let a(f) be the third derivative of f**4/24 - f**3/3 - 5*f**2. Let w be a(2). Give h(w).
-2
Let x(a) = 11*a**2 - 14*a**2 + a**3 + 7 + 10*a**2 + 9*a. Determine x(-6).
-11
Let d(j) = 145*j + 5 - 76*j - 68*j. Determine d(-4).
1
Let k(x) = x**2 - 6*x + 7. Suppose 4*o - 31 - 1 = -4*w, 5*w = 4*o - 14. Determine k(o).
7
Suppose -33 = 4*t + 5*x, t + 2 - 5 = x. Let i(f) = 3 - 2*f**2 + 4 + 2*f + 2 - 6. Calculate i(t).
-9
Let s(m) = 2*m - 6. Let p be s(4). Suppose -3*a - p = -a. Let f(i) = 3*i**3 + 1. Determine f(a).
-2
Let d(n) = n**3 - 10*n**2 + n - 7. Let j(m) = -m**3 - 11*m**2 + 10*m - 14. Let c be j(-12). Let x be d(c). Let g(q) = 5*q - 3. What is g(x)?
12
Let b(x) = 4*x - 3. Let v(j) = j + 8. Let i be v(-6). Give b(i).
5
Suppose -2*j + 7 = -3*j. Let a(y) = y + 1. What is a(j)?
-6
Let f(k) = 0*k**3 + 2*k - k**3 - 2 + 2*k**3 + 0*k - 6*k**2. Calculate f(6).
10
Let r(v) = v**2 - 6*v + 3. Let z = 7 - 5. Give r(z).
-5
Let f(j) = j**3 + 6*j**2 + 3*j - 2. Let u(w) = 0*w**2 + 5*w + w**2 + 0*w**2 + 6 - 3. Let o be u(-2). Calculate f(o).
16
Let w(p) = -4*p**3 - 4*p**2 - 25 - p + 30 + 3*p**3. Give w(-4).
9
Let a(z) be the second derivative of -3*z**5/10 - 5*z. Let i be ((-2)/6)/((-14)/(-42)). Give a(i).
6
Let b be (6/8)/(1/(-4)). Let q(a) be the first derivative of -2*a**3/3 - 3*a**2/2 + 2*a + 15. What is q(b)?
-7
Let o(u) = 6*u. Let j be ((-2)/(-5))/(4/100). Let d(g) = 4 - g - 4 + 0*g + j. Let n be d(11). Determine o(n).
-6
Let t(r) = -5*r**3 - r**2 - 3. Let x(w) = -9*w**3 - 2*w**2 - 5. Let f(k) = 7*t(k) - 4*x(k). Suppose -33*c + 28*c = 0. Give f(c).
-1
Let l(k) be the third derivative of k**7/840 - k**6/72 - k**5/60 + k**4/12 + k**3 + 7*k**2. Let d(v) be the first derivative of l(v). Give d(5).
-8
Let h(d) = 5 + 47*d**2 - 4 + 8*d - 48*d**2. Give h(8).
1
Let y be ((-4)/(-2))/((-5)/(-10)). Let t(z) = -z. Let n be t(y). Let g(s) = -s + 2. Give g(n).
6
Suppose 0 = -5*n + 4*q - 10, 4*n + q - 7 = 6*n. Let l be (20/(-10))/((-2)/n). Let z(m) = m. Give z(l).
-6
Let z(w) = w. Suppose f + 9 = -t, -f = 4*t + 4 + 5. Let u = f - -5. Let r = u + 1. Determine z(r).
-3
Let c = 24 - 19. Let a(q) = -3 - 5*q**3 - 8*q**2 + 4*q**3 + 3*q + c*q**2. Calculate a(-3).
-12
Let p(j) = -j - 1. Suppose 0 = 3*g - 0*g - 4*b - 14, -b = 3*g - 4. Let r(x) = -x. Let f(q) = g*r(q) + p(q). Give f(-4).
11
Let l be (-25)/(1375/(-44))*10/4. Let z(o) = -1 - 2*o + 0 + 0*o + 3*o**2. Give z(l).
7
Let s(g) = -g - 3. Let k(r) = -r - 2. Let b be k(-2). What is s(b)?
-3
Let y(n) = -13*n**3 - n**2 - n. Let v be y(-1). Let u = v + -8. Let t(q) = -2*q**2 + 4*q + u - 4*q**2 - 1 + q**3. Calculate t(4).
-12
Let t(m) = -m**3 - 7*m**2 - 6*m. Suppose 5*k + 31 = -4*i - 22, 3*k = i - 8. Suppose l + 3*l = -4. Let g = i - l. Determine t(g).
0
Suppose 3*h - 4 = 2*h + 5*c, 5*h + 22 = 4*c. Let a(y) be the first derivative of y**4/4 + 7*y**3/3 + 5*y**2/2 - 1. Calculate a(h).
6
Suppose 0 = -p + 5*p - 20. Suppose 2*t + 1 = -c, -13 = 3*t - t + p*c. Let m(i) = -3 + 2 - i + 0. Give m(t).
-2
Let r = 8 + -13. Let k(g) be the third derivative of g**6/120 + g**5/12 - g**4/12 - g**3/2 + 3*g**2. Calculate k(r).
7
Let f be 6/(4/(0 - -2)). Let a(w) = -6*w - 4*w + f*w + 2 - 1. Determine a(-1).
8
Let g(c) = -4 + c + 2 + 8. Let i(z) = -3*z - 12. Let f(k) = -5*g(k) - 2*i(k). Calculate f(7).
1
Let v(p) be the second derivative of 1/2*p**2 - p + 0*p**3 + 0 - 1/2*p**4. Suppose 4 - 2 = -2*b - 5*m, 2*m = -5*b - 5. Determine v(b).
-5
Suppose 5*r + 21 = -4. Let a(x) = x**2 + 7*x - 1. What is a(r)?
-11
Let y = 17 + -20. Let a be 1*(0 - -3)/y. Let u(g) = 7*g**3 + 2*g**2 + 2*g + 1. What is u(a)?
-6
Suppose 3*h - 3 = 6. Let y(u) = u + h - 1 - 3*u - u**2. Suppose 3*a = 2*p - 2, -5*p + 0*p = 4*a + 41. Give y(a).
-6
Suppose 0 = o + 3*k + 15, -2*k = -4*k - 10. Let d(i) = i**3 - i - 21. What is d(o)?
-21
Let v(g) = g**3 + g**2. Let k be v(1). Suppose 0 = -4*j - 2*p - 12, -12 = k*j + 2*j + p. Let n(z) = z**2 - z - 4. Determine n(j).
8
Let w(z) = -11 + 7 - z - 5. What is w(-5)?
-4
Suppose -k - 11 = -4*n, 5*k = -n + 2*k + 19. Let o(t) = t - 1. Calculate o(n).
3
Let i(j) = -j**2 - 4*j + 5. Let m(a) = a**2 - a + 12. Let f be m(0). Suppose 2*b + f = -b. Calculate i(b).
5
Let u(z) = -z + 4*z - 4*z + 13*z**2 - 1. Calculate u(-1).
13
Let j(a) = a**2 - 8*a + 7. Let c be (-1)/(-5) + (-118)/(-10). Let h = c - 5. Let m be j(h). Let d(w) = w + 5. Determine d(m).
5
Suppose 0*q + 1 = x - 5*q, 5*x + 5*q = 5. Let m(i) = -i - 3. Let t be m(-5). Let o(d) = t*d**2 - 2*d + 2*d - 7*d**3 - d**2. What is o(x)?
-6
Let i = -54 + 60. Let w(u) be the first derivative of -u**2/2 + 2*u - 1. Give w(i).
-4
Let a = 24 - 18. Let z(r) = r + 6. Determine z(a).
12
Let f(h) = h**2 + 2*h + 7. Let l(q) = q - 1. Let i(a) = f(a) + 5*l(a). Give i(-4).
-10
Let n(b) = b + 1. Suppose r + 7*c - 2*c + 16 = 0, 3*r + 3*c = 0. Suppose -r = 2*s + 4. Determine n(s).
-3
Let v(q) be the third derivative of 0*q - 1/30*q**5 + 0 - 1/2*q**3 + 1/3*q**4 - q**2. What is v(5)?
-13
Let h(j) = j**3 + 7*j**2 + 3. Let v be h(-7). Let t(z) = 8*z**2 + 5*z - 3. Let q(o) = -7*o**2 - 4*o + 2. Let b(y) = 7*q(y) + 6*t(y). What is b(v)?
-7
Let w(b) = b**3 + 4*b**2 + 3*b. Suppose -4*r - 25 + 153 = 0. Suppose -g - 2*g - r = 5*s, s + 16 = -3*g. What is w(s)?
-12
Let c = -36 + 32. Let o(m) be the first derivative of -m**5/40 - m**4/4 - m**3/3 - 1. Let b(l) be the third derivative of o(l). What is b(c)?
6
Let s(b) = -b**3 - 4*b**2 - b + 4. Let l(o) = -2*o + 6. Suppose -21 = -5*d + 4. Let f be l(d). Give s(f).
8
Let x(z) = 9*z - 7. Let p(c) = -10*c + 8. Let j(f) = 5*p(f) + 6*x(f). Let q be (-3 - -2)/(2/(-4)). Calculate j(q).
6
Let o(d) = -6*d**3 - 4*d**2 + d - 1. Let h(x) = -5*x**3 - 4*x**2 + x. Let r(l) = -5*h(l) + 4*o(l). Let n = -14 - -10. Calculate r(n).
0
Let h(y) = -10*y**2 + 1. Suppose 0*z = -5*z + 5. Give h(z).
-9
Suppose 4*g + 51 = -4*m + 243, -3*m + 3*g = -126. Suppose o = 6*o - m. Let q(i) = -i - 9*i**3 + 9 + i**2 - o. Calculate q(1).
-9
Let o(p) = 13 - 30 - 17*p + 16*p. Determine o(0).
-17
Let y = 5 + 2. Let b(d) = -14 + 2*d + d**2 + y + 6. Determine b(-2).
-1
Suppose 4*m + 29 - 1 = 2*n, -2*m + 5*n - 22 = 0. Let f(v) = -v**2 - 5*v + 8. Calculate f(m).
2
Suppose 4*g = -2*d + 20, -3*g = 1 - 16. Let h(m) = -3*m - 2. Let w(b) = -4*b - 4. Let x(u) = 7*h(u) - 5*w(u). What is x(d)?
6
Let x(u) = -u**3 + u**2 + u + 8. Suppose -4*w + 3 + 17 = 0. Let j be 2/(-6) - 64/(-12). Let i = w - j. Give x(i).
8
Let o(n) = n**2 + n**3 + 3*n**2 + 3 - 1. What is o(-3)?
11
Let k(c) be the second derivative of -c**3/3 + 3*c**2 + 11*c. Give k(6).
-6
Let r be -4 + 2 + 1 + -3. Let g = r + 5. Let v(u) = -u**2 + u + 3*u + 4 - g. Calculate v(5).
-2
Let g = -10 + 18. Let p be g - (3 + -2 - -2). Let h(i) = -i**3 + 5*i**2 + 4*i - 4. Give h(p).
16
Let f(p) be the first derivative of p**4/2 - p**3 + p**2/2 + 2*p + 1. Let a(c) = c**2 - 10*c + 11. Let q be a(9). Calculate f(q).
8
Suppose -5*v = -m - 11, -2*m + 8 = -0. Suppose -2*a = 3*w - v - 10, -2*a - 2*w = -10. Let l(f) = 2*f - a + 5 + 0*f. Calculate l(-2).
-1
Let a = 2 - 5. Let u(k) be the second derivative of k**3/6 + k**2/2 + 94*k. Determine u(a).
-2
Let v be